ppose -10*l + q = -6040. What are the prime factors of l?
3, 5, 59
What are the prime factors of 12/(-10)*(-24 + -1753)/((-4)/(-30))?
3, 1777
Let n(a) = -16*a - 22. Let h be n(10). Let i = h + 445. Let j = 400 - i. List the prime factors of j.
137
Let m(a) = -a**2 + 4*a - 26. Let u be m(9). Let z = u + 104. List the prime factors of z.
3, 11
What are the prime factors of (-2016345)/(-285) + (-2)/(-19)?
5, 283
List the prime factors of ((-79)/(-3))/(-2 - ((-5560)/(-618) - 11)).
79, 103
Suppose -3*w + 12 = -5*z, -3*z - 12 = -0*z - 3*w. Suppose 2*u - p + 19 = z, 32 = -5*u - 2*p - 2. What are the prime factors of (u + 10)/(1/4)?
2
Suppose -72597 = -3*f + 2*x, -7*f + 16*x - 17*x + 169410 = 0. What are the prime factors of f?
3, 2689
Let b(c) = 288*c**2 - 49*c - 237. What are the prime factors of b(-6)?
3, 5, 139
Suppose -5*n - 29404 = -3*j, 3*j - 22*n = -21*n + 29420. What are the prime factors of j?
2, 613
Suppose -d = -14 + 2. Suppose -u + 6*u = -10, 2*z - 8 = 4*u. Let s = d + z. List the prime factors of s.
2, 3
Let j(o) = -3*o**2 + 12*o - 8 + 3*o**2 - o**2 + 2*o**2. Let f be j(-13). Suppose f*m - 379 = -w - 2*w, w + 2*m = 127. What are the prime factors of w?
3, 41
List the prime factors of 7/((-21)/3246)*572/(-52).
2, 11, 541
Suppose 7*y = 4143 + 17704. Suppose 5*x - 7886 = -y. List the prime factors of x.
953
Let v(a) = 27 - 29*a**3 - 2 - 3 - 3*a**2 + 0*a**2 + 9*a. List the prime factors of v(-2).
2, 7
Suppose -2*a + 5*z = 2671 - 11783, -9104 = -2*a + z. List the prime factors of a.
3, 37, 41
Let w(v) = 8*v**3 + v + 22. Let t be w(3). List the prime factors of (-48)/(t/(-34) - -7).
2, 17
Suppose -4*t - 20104 = -3*r, -3*r + 2*t + 28183 - 8069 = 0. List the prime factors of r.
2, 3, 13, 43
Let s(j) = -24*j**3 + 3*j**2 + 8*j - 2. Let m(g) = 5*g**3 + 46*g**2 + 8*g - 11. Let n be m(-9). What are the prime factors of s(n)?
2, 3, 31
Let o(a) = 1662*a - 12. Let p be o(3). Suppose 8*w = 426 + p. Suppose 4*n + w = 9*n. What are the prime factors of n?
3, 5
Let t(a) = -50*a**2 - 7*a - 1. Let i be t(1). Suppose 3*n = 210 - 24. Let x = n + i. What are the prime factors of x?
2
Suppose -2*u + 2 = -3*m, -m + 4*u = -5*m + 24. Suppose 2*h - 3 = -m*h + 3*l, 3*h + 3*l = -24. List the prime factors of 380/25 - h/(-15).
3, 5
Suppose -5*y + 4*y = 3*f, 2*y - 10 = 4*f. Suppose -5*u - 232 = d - 1465, y*u = 2*d - 2518. List the prime factors of d.
7, 179
Let l(u) = u**3 + 8*u**2 - 33*u + 27. Let v be l(13). Let b = v - 2100. List the prime factors of b.
3, 349
Suppose -w + 92*n + 29338 = 95*n, 4*n = -32. What are the prime factors of w?
2, 53, 277
Let x(a) = -17*a**3 + a**2 + 2*a - 3. Let c be x(-2). Suppose 4*y - c - 251 = 0. Suppose -19*g + 16*g + y = 0. What are the prime factors of g?
2
Let a be (-2)/(-1)*6/6. Suppose 5*o - 4*w = 25, 5*o + 7 - 32 = -3*w. Suppose 0 = -4*d + 20, 7*d + 25 = o*b + a*d. List the prime factors of b.
2, 5
Suppose -5 = 5*h - 50. Let w be 1*28/(-14)*h/(-2). Suppose w*u + u = 220. List the prime factors of u.
2, 11
Suppose x - 775 = -3*v, -v + x - 35 = -292. List the prime factors of v.
2, 3, 43
Let u = 16 - 8. Suppose -u = -3*h + 4. What are the prime factors of (-18)/8*-5*h?
3, 5
Let f = 232 - -3270. What are the prime factors of f?
2, 17, 103
Let p = 13198 - 7061. List the prime factors of p.
17, 19
Let f be 4707 - -26 - 2*-1. Suppose 4715 = -r + 6*r - n, 5*r + 3*n = f. What are the prime factors of r?
2, 59
Let x = 5621 + 1985. What are the prime factors of x?
2, 3803
Let d = 107 + -75. Let u = d - 32. Suppose 5*w + 240 = 3*l + 3*w, u = -w. List the prime factors of l.
2, 5
Let y = 35 - 31. Let q be 3 - -25 - (-3 + 7). List the prime factors of (138/q)/(1/y).
23
Let i = 4 - -3. Let z be i/((-28)/12) + 6. List the prime factors of 4 + 222/z + -1.
7, 11
Let d = -90 + 1132. Let y = -665 + d. What are the prime factors of y?
13, 29
Let j(d) = 27*d - 7. Let k be (-2)/(-4) + 6/(-4) + 1. Suppose k = -3*h - 3*i + 18, -3*i + 26 = 5*h - 0*i. List the prime factors of j(h).
101
What are the prime factors of (4/(-32)*(-54)/1)/(333/2287932)?
3, 5153
Let m(j) = 79*j - 130. Let g(l) = 157*l - 259. Let c(b) = 6*g(b) - 11*m(b). List the prime factors of c(10).
2, 3, 101
Let w(t) = -683*t + 208. What are the prime factors of w(-13)?
3, 13, 233
Let t = 14950 - -6905. What are the prime factors of t?
3, 5, 31, 47
Suppose 8*a - 11*a + 24 = 0. Suppose -3*j - a = -4*l, -5*j + 5*l - 15 = -5. List the prime factors of j/(-7) + (-5 - 1)/(-2).
3
Let l(u) = 6*u**2 + 4*u. Let c be l(-4). Let q be 6*(-11 + (-306)/(-27)). Suppose q*y - 6 = c. List the prime factors of y.
43
Suppose 0 = 9*k + 57 - 12. Let z = k - -74. List the prime factors of z.
3, 23
List the prime factors of 18/(-9 - 214620/(-23844)).
3, 1987
Let x be 2181 + (-2)/(8 + -7). Suppose 1051 + x = 10*q. What are the prime factors of q?
17, 19
Suppose -5*l - q + 479 = 0, -q = 2*l - 2*q - 193. Let r = 126 - l. List the prime factors of (84 - -2)/(12/r).
5, 43
Let z(p) = -7*p + 6. Let l = 94 - 96. Let n(b) = -b + 1. Let v(s) = l*z(s) + 22*n(s). What are the prime factors of v(-6)?
2, 29
Suppose 9*r - 26 = 10. What are the prime factors of (r + (-42)/12)*-2 - -799?
2, 3, 7, 19
Let a(r) = -r + 4. Let y be a(4). Suppose y = -21*h + 4*h. Suppose h = 6*n - 1653 + 585. List the prime factors of n.
2, 89
Let n(w) = 8*w**2 - w + 11. Let f be 2 - (-1 + 4 + 4*-1). Let c be n(f). List the prime factors of 81 + (c/50 - (-4)/10).
83
Let u(g) = 7093*g + 33. What are the prime factors of u(1)?
2, 7, 509
Suppose -10*x - 16*x + 17680 = 0. Suppose -x = 22*q - 10360. List the prime factors of q.
2, 5, 11
What are the prime factors of (-292238)/(-11) - 1536/1408?
2, 37, 359
Let m(l) = -l**2 + 68*l - 254. Let h be m(4). List the prime factors of (1137/2 + 3)*h.
3, 127
Let a(m) = 11*m**2 + 88*m - 117. List the prime factors of a(30).
3, 41, 101
Suppose 4*x - 114498 = 4*x - 6*x. What are the prime factors of x?
3, 6361
Let w = -25 + 29. Suppose 2*y - w*a + 150 = 0, 4*y = 4*a - a - 275. Let r = 203 + y. List the prime factors of r.
2, 3, 23
Let q be 8 - 13235/(-5) - 3. Let o = q - 1228. What are the prime factors of o?
2, 89
Let x = -790 + 1587. Suppose 3*k - 1987 = 2*c, -c - 526 - x = -2*k. List the prime factors of k.
659
Let w(u) = -342*u + 276. List the prime factors of w(-26).
2, 3, 191
Let k = 46 + -42. Let l be (k/8)/(2/832). Suppose 0*f - 4*f + l = a, 2*f - 1022 = -5*a. List the prime factors of a.
2, 3, 17
Let w(p) = -p + 4. Let g(d) = 259*d + 122. Let y(i) = -g(i) - 4*w(i). What are the prime factors of y(-4)?
2, 3, 7
Let i = -53 - -55. Suppose -5*b + p = -25, -i*p = -0*b + 5*b - 10. Suppose -b*k + 2*f + 415 = -203, -4*f = 12. What are the prime factors of k?
3, 17
Let s = -9 - 22. Let q(m) = m**3 + 13*m**2 + 16*m - 18. Let l be q(-11). Let y = l + s. List the prime factors of y.
17
Let w = 14459 + -7921. Suppose 158 = -10*r + w. Suppose 3*f - 10 = r. List the prime factors of f.
2, 3
Let g be ((-790)/3 - 2)*(-24)/16. Suppose -g*d + 3606 = -392*d. What are the prime factors of d?
601
Let j = -1813 + 4276. What are the prime factors of j?
3, 821
Let z(b) = -2*b**2 + 79*b + 52. What are the prime factors of z(39)?
7, 13
Let f = 1561 - 756. Let c = f - 575. List the prime factors of c*1/5*2.
2, 23
Let c be 403/2 + 2/4. Suppose 28*f + 362 = 31*f - 5*y, 0 = 2*f + 2*y - 220. Let q = c - f. What are the prime factors of q?
2, 11
Let a(v) = -3*v - 5. Let w be a(-19). Let f = 63 + w. Let m = -41 + f. What are the prime factors of m?
2, 37
List the prime factors of 262161/(-288)*-4*(7 + 1).
29129
What are the prime factors of 0 - (-4)/30 - (-226825577)/9435?
29, 829
Let c = 1227 + -1852. Let k = c - -1569. List the prime factors of k.
2, 59
Let b(p) = p**2 - p - 20. Let o be b(6). List the prime factors of -7 + o - -880 - 8.
5, 7
Let k(j) = j**2 + 18*j + 209. Let z be k(29). Suppose i - 5*f - 417 = 0, -4*i + 6*f + z = 10*f. What are the prime factors of i?
397
Let l = 286 - 181. Let j = 108 - l. Suppose 87 = 2*u - 0*r - r, -2*u - j*r = -75. What are the prime factors of u?
2, 3, 7
Suppose -5547 - 3720 = -3*q. Let p = q - 2179. List the prime factors of p.
2, 5, 7, 13
Suppose -4*q - 43 + 31 = 5*p, -4*p - 2*q - 6 = 0. Suppose p = -22*v + 21*v + 484. What are the prime factors of v?
2, 11
Suppose -2*v = r + 2*v + 7, 4*r = -4*v +